e hundred millions digit of 1700765584?
7
What is the millions digit of 5260799370?
0
What is the ten millions digit of 273225872?
7
What is the millions digit of 46408464?
6
What is the hundreds digit of 129633333?
3
What is the ten thousands digit of 56126250?
2
What is the ten millions digit of 1668700579?
6
What is the thousands digit of 41396211?
6
What is the hundreds digit of 1082906483?
4
What is the millions digit of 125272502?
5
What is the ten thousands digit of 814766875?
6
What is the billions digit of 2617024597?
2
What is the units digit of 325495129?
9
What is the hundred thousands digit of 1571747611?
7
What is the hundreds digit of 54689083?
0
What is the ten thousands digit of 146011690?
1
What is the hundred millions digit of 129537242?
1
What is the ten thousands digit of 48093216?
9
What is the millions digit of 652816029?
2
What is the hundred thousands digit of 368055063?
0
What is the tens digit of 2199987300?
0
What is the hundred thousands digit of 4502163781?
1
What is the millions digit of 789505958?
9
What is the hundred millions digit of 144331488?
1
What is the units digit of 1987073477?
7
What is the thousands digit of 162022844?
2
What is the units digit of 73383691?
1
What is the millions digit of 23367721?
3
What is the hundred millions digit of 169743954?
1
What is the billions digit of 1563606874?
1
What is the units digit of 58881932?
2
What is the billions digit of 2944492260?
2
What is the ten thousands digit of 4499889?
9
What is the hundred thousands digit of 367190101?
1
What is the thousands digit of 3384738078?
8
What is the hundreds digit of 27261122?
1
What is the hundred thousands digit of 469883871?
8
What is the hundred thousands digit of 28005469?
0
What is the ten millions digit of 357238094?
5
What is the thousands digit of 100601439?
1
What is the hundreds digit of 52426766?
7
What is the units digit of 198161481?
1
What is the thousands digit of 360779398?
9
What is the ten millions digit of 61501110?
6
What is the ten thousands digit of 241059999?
5
What is the ten millions digit of 48066032?
4
What is the thousands digit of 32893209?
3
What is the billions digit of 1536570897?
1
What is the thousands digit of 220237828?
7
What is the hundreds digit of 161876236?
2
What is the units digit of 1967620638?
8
What is the ten millions digit of 507248618?
0
What is the thousands digit of 75612711?
2
What is the ten thousands digit of 2018942282?
4
What is the millions digit of 1860354297?
0
What is the billions digit of 8303299250?
8
What is the units digit of 1779080151?
1
What is the hundred millions digit of 268248966?
2
What is the tens digit of 757824544?
4
What is the units digit of 71104771?
1
What is the units digit of 73315843?
3
What is the ten thousands digit of 44605323?
0
What is the millions digit of 740796518?
0
What is the units digit of 328250718?
8
What is the millions digit of 140927442?
0
What is the thousands digit of 277334561?
4
What is the ten millions digit of 385370191?
8
What is the hundred thousands digit of 90577768?
5
What is the millions digit of 15996392?
5
What is the hundreds digit of 8985945?
9
What is the ten thousands digit of 18612208?
1
What is the ten thousands digit of 436616495?
1
What is the thousands digit of 1058897178?
7
What is the thousands digit of 35969681?
9
What is the ten thousands digit of 141764052?
6
What is the hundreds digit of 6896549925?
9
What is the hundreds digit of 121355722?
7
What is the tens digit of 384235378?
7
What is the hundreds digit of 330591938?
9
What is the thousands digit of 197024687?
4
What is the ten millions digit of 437844213?
3
What is the ten millions digit of 2019780465?
1
What is the billions digit of 1082112288?
1
What is the millions digit of 214103831?
4
What is the millions digit of 689406642?
9
What is the units digit of 1030264?
4
What is the tens digit of 4816080?
8
What is the hundred millions digit of 766923628?
7
What is the hundred millions digit of 4739168108?
7
What is the tens digit of 11151575?
7
What is the hundred thousands digit of 278664302?
6
What is the thousands digit of 343917018?
7
What is the millions digit of 64732648?
4
What is the units digit of 37594768?
8
What is the ten thousands digit of 77781091?
8
What is the ten thousands digit of 62067109?
6
What is the hundreds digit of 258553325?
3
What is the ten thousands digit of 3545620050?
2
What is the billions digit of 2378117227?
2
What is the tens digit of 724632608?
0
What is the thousands digit of 41870755?
0
What is the ten millions digit of 78128936?
7
What is the ten millions digit of 30338903?
3
What is the units digit of 8032617299?
9
What is the tens digit of 226259221?
2
What is the units digit of 704326980?
0
What is the hundred thousands digit of 207568845?
5
What is the hundred millions digit of 3188217187?
1
What is the ten millions digit of 21903356?
2
What is the hundred thousands digit of 1793693542?
6
What is the ten millions digit of 649325747?
4
What is the ten millions digit of 1641292389?
4
What is the hundred millions digit of 550712714?
5
What is the hundreds digit of 101651501?
5
What is the hundred millions digit of 174776449?
1
What is the billions digit of 2880159788?
2
What is the millions digit of 124647440?
4
What is the hundred thousands digit of 1920013408?
0
What is the hundreds digit of 3021956672?
6
What is the ten thousands digit of 719504266?
0
What is the hundred millions digit of 999277140?
9
What is the ten thousands digit of 236685322?
8
What is the tens digit of 556746977?
7
What is the ten millions digit of 171337294?
7
What is the hundred millions digit of 157404092?
1
What is the hundred millions digit of 3254984389?
2
What is the ten millions digit of 560707352?
6
What is the hundred thousands digit of 392631310?
6
What is the thousands digit of 63260011?
0
What is the ten thousands digit of 244676027?
7
What is the tens digit of 49879902?
0
What is the thousands digit of 133060260?
0
What is the tens digit of 11127449?
4
What is the ten millions digit of 388796973?
8
What is the hundreds digit of 88666107?
1
What is the tens digit of 807998238?
3
What is the tens digit of 569759?
5
What is the millions digit of 175197925?
5
What is the ten thousands digit of 18477709?
7
What is the hundreds digit of 410200283?
2
What is the units digit of 1712853597?
7
What is the units digit of 33897931?
1
What is the thousands digit of 265551844?
1
What is the ten millions digit of 255627431?
5
What is the hundred thousands digit of 1502276533?
2
What is the hundreds digit of 996903252?
2
What is the ten thousands digit of 34545251?
4
What is the millions digit of 65410173?
5
What is the billions digit of 1788075260?
1
What is the units digit of 103220012?
2
What is the ten millions digit of 470764179?
7
What is the hundreds digit of 17603081?
0
What is the hundreds digit of 947937995?
9
What is the hundred thousands digit of 138746097?
7
What is the ten thousands digit of 438762009?
6
What is the ten thousands digit of 303850709?
5
What is the ten millions digit of 1950989257?
5
What is the hundred thousands digit of 1206926402?
9
What is the hundreds digit of 5455762?
7
What is the ten thousands digit of 42164110?
6
What is the thousands digit of 119600192?
0
What is the hundred thousands digit of 44672411?
6
What is the thousands digit of 376985455?
5
What is the ten thousands digit of 1671088452?
8
What is the ten millions digit of 34822347?
3
What is the ten thousands digit of 345610419?
1
What is the tens digit of 18667131?
3
What is the ten millions digit of 174763276?
7
What is the millions digit of 7941251?
7
What is the hundreds digit of 484073034?
0
What is the thousands digit of 5718276?
8
What is the hundreds digit of 15004993?
9
What is the billions digit of 1285909646?
1
What is the ten thousands digit of 3298733082?
3
What is the ten millions digit of 829748647?
2
What is the units digit of 42154918?
8
What is the thousands digit of 3644651680?
1
What is the hundreds digit of 395550747?
7
What is the millions digit of 1523153290?
3
What is the tens digit of 119669166?
6
What is the units digit of 1595877526?
6
What is the hundreds digit of 109295296?
2
What is the tens digit o